{"id":132,"date":"2015-11-11T12:35:37","date_gmt":"2015-11-11T12:35:37","guid":{"rendered":"http:\/\/prvimaj.hr\/?page_id=132"},"modified":"2026-03-17T13:18:41","modified_gmt":"2026-03-17T12:18:41","slug":"pravni-propisi","status":"publish","type":"page","link":"https:\/\/prvimaj.hr\/?page_id=132","title":{"rendered":"Pravni propisi"},"content":{"rendered":"<h3><strong>Zakoni<\/strong><\/h3>\n<p>Zakon o gospodarenju otpadom (NN <a href=\"https:\/\/narodne-novine.nn.hr\/clanci\/sluzbeni\/2021_07_84_1554.html\" target=\"_blank\" rel=\"noopener\">84\/21<\/a>, <a href=\"https:\/\/narodne-novine.nn.hr\/clanci\/sluzbeni\/2023_11_142_1953.html\" target=\"_blank\" rel=\"noopener\">142\/23<\/a>)<\/p>\n<p>Zakon o za\u0161titi okoli\u0161a (NN <a href=\"https:\/\/narodne-novine.nn.hr\/clanci\/sluzbeni\/2013_06_80_1659.html\" target=\"_blank\" rel=\"noopener\">80\/13<\/a>, <a href=\"https:\/\/narodne-novine.nn.hr\/clanci\/sluzbeni\/2013_12_153_3221.html\" target=\"_blank\" rel=\"noopener\">153\/13<\/a>, <a href=\"https:\/\/narodne-novine.nn.hr\/clanci\/sluzbeni\/2015_07_78_1498.html\" target=\"_blank\" rel=\"noopener\">78\/15<\/a>, <a href=\"https:\/\/narodne-novine.nn.hr\/clanci\/sluzbeni\/full\/2018_02_12_264.html\" target=\"_blank\" rel=\"noopener\">12\/18<\/a>, <a href=\"https:\/\/narodne-novine.nn.hr\/clanci\/sluzbeni\/2018_12_118_2345.html\" target=\"_blank\" rel=\"noopener\">118\/18<\/a>)<\/p>\n<p>Zakon o komunalnom gospodarstvu (NN 68\/18, 110\/18, 32\/20, 145\/24)<\/p>\n<p>Zakon o pogrebni\u010dkoj djelatnosti (NN 36\/15, 98\/19)<\/p>\n<p>Zakon o grobljima (NN 78\/25)<\/p>\n<p>Zakon o pravu na pristup informacijama (NN 25\/13, 85\/15, 69\/22)<\/p>\n<p>Zakon o javnoj nabavi (NN 120\/16, 114\/22)<\/p>\n<p>Zakon o za\u0161titi potro\u0161a\u010da (NN 19\/22, 59\/23)<\/p>\n<p>Zakon o trgovini (NN 87\/08, 96\/08, 116\/08, 116\/08, 76\/09, 114\/11, 68\/13, 30\/14, 32\/19, 98\/19, 32\/20, 33\/23)<\/p>\n<p>Zakon o fiskalnoj odgovornosti (NN 111\/18, 83\/23)<\/p>\n<p>Zakon o radu (NN 93\/14, 127\/17, 98\/19, 151\/22, 64\/23)<\/p>\n<p>Zakon o za\u0161titi na radu (NN 71\/14, 118\/14, 154\/14, 94\/18, 96\/18)<\/p>\n<p>Zakon o trgova\u010dkim dru\u0161tvima\u00a0\u00a0(NN 111\/93, 34\/99, 121\/99, 52\/00, 118\/03, 107\/07, 146\/08, 137\/09, 125\/11, 152\/11, 111\/12, 68\/13, 110\/15, 40\/19, 34\/22, 114\/22, 18\/23, 130\/23, 136\/24)<\/p>\n<p>Zakon o porezu na dobit \u00a0(NN 177\/04, 90\/05, 57\/06, 146\/08, 80\/10, 22\/12, 148\/13, 143\/14, 50\/16, 115\/16, 106\/18, 121\/19, 32\/20, 138\/20, 114\/22, 114\/23, 151\/25)<\/p>\n<p>Zakon o porezu na dohodak (NN 177\/04, 73\/08, 80\/10 , 114\/11, 22\/12, 144\/12, 43\/13, 120\/13, 125\/13, 148\/13, 83\/14, 143\/14, 136\/15, 115\/16, 106\/18, 121\/19, 32\/20, 138\/20, 151\/22, 114\/23, 152\/24)<\/p>\n<p>Zakon o porezu na dodanu vrijednost (NN 73\/13, 99\/13, 148\/13, 153\/13, 143\/14, 115\/16, 106\/18, 121\/19, 138\/20, 39\/22, 113\/22, 33\/23, 114\/23, 35\/24, 152\/24, 52\/25, 151\/25)<\/p>\n<p>Zakon o arhivskom gradivu i arhivima (NN 61\/18, 98\/19, 114\/22, 36\/24)<\/p>\n<p>Zakon o provedbi Op\u0107e uredbe o za\u0161titi podataka (NN 42\/18)<\/p>\n<hr \/>\n<h3><strong>Pravilnici<\/strong><\/h3>\n<p>Pravilnik o gospodarenju otpadom (NN <a href=\"https:\/\/narodne-novine.nn.hr\/clanci\/sluzbeni\/2022_09_106_1552.html\" target=\"_blank\" rel=\"noopener\">106\/22<\/a>)<\/p>\n<p>Pravilnik o odlagali\u0161tima otpada (NN <a href=\"https:\/\/narodne-novine.nn.hr\/clanci\/sluzbeni\/2023_01_4_68.html\" target=\"_blank\" rel=\"noopener\">4\/23<\/a>)<\/p>\n<p>Pravilnik o grobljima (NN 99\/02)<\/p>\n<hr \/>\n<h3>Uredbe<\/h3>\n<p>Uredba o gospodarenju komunalnim otpadom (NN <a href=\"https:\/\/narodne-novine.nn.hr\/clanci\/sluzbeni\/2017_05_50_1138.html\" target=\"_blank\" rel=\"noopener\">50\/17<\/a>, <a href=\"https:\/\/narodne-novine.nn.hr\/clanci\/sluzbeni\/2019_09_84_1721.html\" target=\"_blank\" rel=\"noopener\">84\/19<\/a>, <a href=\"https:\/\/narodne-novine.nn.hr\/clanci\/sluzbeni\/2020_02_14_259.html\" target=\"_blank\" rel=\"noopener\">14\/20<\/a>)<\/p>\n<hr \/>\n<h3><strong>Napuci<\/strong><\/h3>\n<p>Naputak o glomaznom otpadu (NN <a href=\"https:\/\/narodne-novine.nn.hr\/clanci\/sluzbeni\/2015_07_79_1534.html\" target=\"_blank\" rel=\"noopener\">79\/15<\/a>)<\/p>\n<hr \/>\n<h3><strong>Odluke jedinica lokalne samouprave (od 2026.)<\/strong><\/h3>\n<p><a href=\"https:\/\/prvimaj.hr\/wp-content\/uploads\/2026\/03\/Grad-Labin-Odluka-o-pruzanju-javne-usluge-2026.pdf\" target=\"_blank\" rel=\"noopener\">Odluka o na\u010dinu pru\u017eanja javne usluge sakupljanja komunalnog otpada u Gradu Labinu<\/a><\/p>\n<p><a href=\"https:\/\/prvimaj.hr\/wp-content\/uploads\/2026\/03\/Opcina-Krsan-Odluka-o-pruzanju-javne-usluge-2026.pdf\" target=\"_blank\" rel=\"noopener\">Odluka o na\u010dinu pru\u017eanja javne usluge sakupljanja komunalnog otpada u Op\u0107ini Kr\u0161an<\/a><\/p>\n<p><a href=\"https:\/\/prvimaj.hr\/wp-content\/uploads\/2026\/03\/Opcina-Sveta-Nedelja-Odluka-o-pruzanju-javne-usluge-2026.pdf\" target=\"_blank\" rel=\"noopener\">Odluka o na\u010dinu pru\u017eanja javne usluge sakupljanja komunalnog otpada u Op\u0107ini Sveta Nedelja<\/a><\/p>\n<p><a href=\"https:\/\/prvimaj.hr\/wp-content\/uploads\/2026\/03\/Opcina-Pican-Odluka-o-pruzanju-javne-usluge-2026.pdf\" target=\"_blank\" rel=\"noopener\">Odluka o na\u010dinu pru\u017eanja javne usluge sakupljanja komunalnog otpada u Op\u0107ini Pi\u0107an<\/a><\/p>\n<p><a href=\"https:\/\/prvimaj.hr\/wp-content\/uploads\/2026\/03\/Opcina-Rasa-Odluka-o-pruzanju-javne-usluge-2026.pdf\" target=\"_blank\" rel=\"noopener\">Odluka o na\u010dinu pru\u017eanja javne usluge sakupljanja komunalnog otpada u Op\u0107ini Ra\u0161a<\/a><\/p>\n<hr \/>\n<h3><strong>Stare Odluke jedinica lokalne samouprave<\/strong><\/h3>\n<p><a href=\"https:\/\/prvimaj.hr\/wp-content\/uploads\/2022\/06\/Odluka-o-nacinu-pruzanja-javne-usluge-L2022.pdf\" target=\"_blank\" rel=\"noopener\">Odluka o na\u010dinu pru\u017eanja javne usluge sakupljanja komunalnog otpada u Gradu Labinu<\/a><\/p>\n<p><a href=\"https:\/\/prvimaj.hr\/wp-content\/uploads\/2022\/06\/Odluka-o-nacinu-pruzanja-javne-usluge-K2022.pdf\" target=\"_blank\" rel=\"noopener\">Odluka o na\u010dinu pru\u017eanja javne usluge sakupljanja komunalnog otpada u Op\u0107ini Kr\u0161an<\/a><\/p>\n<p><a href=\"https:\/\/prvimaj.hr\/wp-content\/uploads\/2022\/06\/Odluka-o-nacinu-pruzanja-javne-usluge-SN2022.pdf\" target=\"_blank\" rel=\"noopener\">Odluka o na\u010dinu pru\u017eanja javne usluge sakupljanja komunalnog otpada u Op\u0107ini Sveta Nedelja<\/a><\/p>\n<p><a href=\"https:\/\/prvimaj.hr\/wp-content\/uploads\/2022\/06\/Odluka-o-nacinu-pruzanja-javne-usluge-P2022.pdf\" target=\"_blank\" rel=\"noopener\">Odluka o na\u010dinu pru\u017eanja javne usluge sakupljanja komunalnog otpada u Op\u0107ini Pi\u0107an<\/a><\/p>\n<p><a href=\"https:\/\/prvimaj.hr\/wp-content\/uploads\/2022\/06\/SLUZBENE-NOVINE-2-2022-2-15.pdf\" target=\"_blank\" rel=\"noopener\">Odluka o na\u010dinu pru\u017eanja javne usluge sakupljanja komunalnog otpada u Op\u0107ini Ra\u0161a<\/a><\/p>\n","protected":false},"excerpt":{"rendered":"<p>Zakoni Zakon o gospodarenju otpadom (NN 84\/21, 142\/23) Zakon o za\u0161titi okoli\u0161a (NN 80\/13, 153\/13, 78\/15, 12\/18, 118\/18) Zakon o komunalnom gospodarstvu (NN 68\/18, 110\/18, 32\/20, 145\/24) Zakon o pogrebni\u010dkoj djelatnosti (NN 36\/15, 98\/19) Zakon o grobljima (NN 78\/25) Zakon o pravu na pristup informacijama (NN 25\/13, 85\/15, 69\/22) Zakon o javnoj nabavi (NN 120\/16, [&hellip;]<\/p>\n","protected":false},"author":1,"featured_media":14779,"parent":20,"menu_order":15,"comment_status":"closed","ping_status":"closed","template":"","meta":[],"_links":{"self":[{"href":"https:\/\/prvimaj.hr\/index.php?rest_route=\/wp\/v2\/pages\/132"}],"collection":[{"href":"https:\/\/prvimaj.hr\/index.php?rest_route=\/wp\/v2\/pages"}],"about":[{"href":"https:\/\/prvimaj.hr\/index.php?rest_route=\/wp\/v2\/types\/page"}],"author":[{"embeddable":true,"href":"https:\/\/prvimaj.hr\/index.php?rest_route=\/wp\/v2\/users\/1"}],"replies":[{"embeddable":true,"href":"https:\/\/prvimaj.hr\/index.php?rest_route=%2Fwp%2Fv2%2Fcomments&post=132"}],"version-history":[{"count":30,"href":"https:\/\/prvimaj.hr\/index.php?rest_route=\/wp\/v2\/pages\/132\/revisions"}],"predecessor-version":[{"id":25364,"href":"https:\/\/prvimaj.hr\/index.php?rest_route=\/wp\/v2\/pages\/132\/revisions\/25364"}],"up":[{"embeddable":true,"href":"https:\/\/prvimaj.hr\/index.php?rest_route=\/wp\/v2\/pages\/20"}],"wp:featuredmedia":[{"embeddable":true,"href":"https:\/\/prvimaj.hr\/index.php?rest_route=\/wp\/v2\/media\/14779"}],"wp:attachment":[{"href":"https:\/\/prvimaj.hr\/index.php?rest_route=%2Fwp%2Fv2%2Fmedia&parent=132"}],"curies":[{"name":"wp","href":"https:\/\/api.w.org\/{rel}","templated":true}]}}