{"id":945,"date":"2015-12-18T11:58:44","date_gmt":"2015-12-18T10:58:44","guid":{"rendered":"http:\/\/prvimaj.hr\/?page_id=945"},"modified":"2026-01-06T19:13:16","modified_gmt":"2026-01-06T18:13:16","slug":"oj-izgradnja","status":"publish","type":"page","link":"https:\/\/prvimaj.hr\/?page_id=945","title":{"rendered":"Zimska slu\u017eba"},"content":{"rendered":"<p>Rukovoditelj zimske slu\u017ebe: Nino Knapi\u0107<\/p>\n<p>Zimska slu\u017eba: 091\/223 3516<\/p>\n<hr \/>\n<p><a href=\"https:\/\/prvimaj.hr\/?attachment_id=24932\" rel=\"attachment wp-att-24932\"><img loading=\"lazy\" class=\"wp-image-24932 alignleft\" src=\"https:\/\/prvimaj.hr\/wp-content\/uploads\/2026\/01\/29884-scaled.jpg\" alt=\"\" width=\"277\" height=\"208\" srcset=\"https:\/\/prvimaj.hr\/wp-content\/uploads\/2026\/01\/29884-scaled.jpg 2560w, https:\/\/prvimaj.hr\/wp-content\/uploads\/2026\/01\/29884-300x225.jpg 300w, https:\/\/prvimaj.hr\/wp-content\/uploads\/2026\/01\/29884-2000x1500.jpg 2000w, https:\/\/prvimaj.hr\/wp-content\/uploads\/2026\/01\/29884-768x576.jpg 768w, https:\/\/prvimaj.hr\/wp-content\/uploads\/2026\/01\/29884-1536x1152.jpg 1536w, https:\/\/prvimaj.hr\/wp-content\/uploads\/2026\/01\/29884-2048x1536.jpg 2048w, https:\/\/prvimaj.hr\/wp-content\/uploads\/2026\/01\/29884-150x113.jpg 150w\" sizes=\"(max-width: 277px) 100vw, 277px\" \/><\/a>Zimska slu\u017eba obuhva\u0107a organizaciju i provo\u0111enje radova neophodnih za odr\u017eavanje prohodnosti nerazvrstanih cesta i sigurnog odvijanja prometa u zimskim uvjetima koji je odre\u0111en posebnim propisima. Nerazvrstana cesta se smatra prohodnom kada je radovima na uklanjanju snijega omogu\u0107eno prometovanje vozila uz upotrebu zimske opreme. Radove Zimske slu\u017ebe za nerazvrstane ceste na podru\u010dju Grada Labina za zimski period 2025.\/2026. godine izvodi 1.MAJ d.o.o.<br \/>\nOperativnim planom zimske slu\u017ebe obuhva\u0107eno je oko 77 kilometara nerazvrstanih cesta i ulica za raljenje i posipavanje. Odr\u017eavanje nerazvrstanih cesta u zimskim uvjetima izvodi se u tri stupnja pripravnosti i dvije razine prioriteta. Zimsku slu\u017ebu nije mogu\u0107e organizirati na na\u010din da se na svim ulicama i cestovnim pravcima djeluje istovremeno, zato je prema Operativnom planu odr\u017eavanja utvr\u0111en redoslijed posipavanja i uklanjanja snijega, a prema tom redoslijedu sve ulice i cestovni pravci svrstani su u dva prioriteta. Redoslijed odvijanja radova zimske slu\u017ebe i vrijeme potrebno za izvr\u0161enje istih odre\u0111eno je ovim razinama prioriteta:<\/p>\n<p>1. Na cestama koje su operativnim programom svrstane u prvu razinu prioriteta prohodnost se mora osigurati u roku od \u0161est sati od prestanka padalina.<br \/>\n2. Na cestama druge razine prioriteta prohodnost se osigurava najkasnije u roku od 24 sata od prestanka padalina.<\/p>\n<p>Zimska slu\u017eba na podru\u010dju Grada Labina organizirana je za cijelo zimsko razdoblje od 15. studenog teku\u0107e godine do 15. travnja naredne godine 24 sata dnevno. Za odre\u0111ivanje stupnjeva pripravnosti Zimska slu\u017eba preuzima podatke Hidrometeorolo\u0161kog zavoda Republike Hrvatske putem javnih medija. Tjedni i mjese\u010dni meteorolo\u0161ki podaci slu\u017ee za pripremanje ljudstva i tehnike u tijeku odre\u0111enog perioda.<\/p>\n<p>Za rad u zimskoj slu\u017ebi koristi se slijede\u0107a oprema:<\/p>\n<ul>\n<li>kamionet sa posipa\u010dem<\/li>\n<li>kamion Multicar sa ralicom i posipa\u010dem,<\/li>\n<li>vozilo Muvo opremljeno ralicom i posipa\u010dem,<\/li>\n<li>rovokopa\u010d JCB 4 Cx sa ralicom,<\/li>\n<li>osobno vozilo,<\/li>\n<li>\u010dista\u010d snijega za trotoar,<\/li>\n<li>ostala oprema (lopate, ru\u010dna kolica i sl.).<\/li>\n<\/ul>\n<hr \/>\n<h3>Operativni plan 2025.\/2026.<\/h3>\n<p>Dokument mo\u017eete vidjeti klikom na natuknicu uz ikonu:<\/p>\n<p><img loading=\"lazy\" class=\"alignnone wp-image-103 size-full\" style=\"margin-right: 10px;\" src=\"https:\/\/prvimaj.hr\/wp-content\/uploads\/2015\/11\/pdfAttach2.png\" alt=\"pdfAttach\" width=\"44\" height=\"60\" \/>\u00a0<a href=\"https:\/\/prvimaj.hr\/wp-content\/uploads\/2025\/11\/Zimska-sluzba-2025-2026.pdf\" target=\"_blank\" rel=\"noopener\">Operativni plan zimske slu\u017ebe Grada Labina 2025.\/2026.<\/a><\/p>\n<hr \/>\n<p><a href=\"https:\/\/prvimaj.hr\/?attachment_id=12720\" rel=\"attachment wp-att-12720\"><img loading=\"lazy\" class=\"alignnone size-full wp-image-12720\" src=\"https:\/\/prvimaj.hr\/wp-content\/uploads\/2021\/04\/1617721313543-scaled.jpg\" alt=\"\" width=\"2560\" height=\"1915\" srcset=\"https:\/\/prvimaj.hr\/wp-content\/uploads\/2021\/04\/1617721313543-scaled.jpg 2560w, https:\/\/prvimaj.hr\/wp-content\/uploads\/2021\/04\/1617721313543-300x224.jpg 300w, https:\/\/prvimaj.hr\/wp-content\/uploads\/2021\/04\/1617721313543-2000x1496.jpg 2000w, https:\/\/prvimaj.hr\/wp-content\/uploads\/2021\/04\/1617721313543-768x574.jpg 768w, https:\/\/prvimaj.hr\/wp-content\/uploads\/2021\/04\/1617721313543-1536x1149.jpg 1536w, https:\/\/prvimaj.hr\/wp-content\/uploads\/2021\/04\/1617721313543-2048x1532.jpg 2048w, https:\/\/prvimaj.hr\/wp-content\/uploads\/2021\/04\/1617721313543-150x112.jpg 150w\" sizes=\"(max-width: 2560px) 100vw, 2560px\" \/><\/a> <a href=\"https:\/\/prvimaj.hr\/?attachment_id=12714\" rel=\"attachment wp-att-12714\"><img loading=\"lazy\" class=\"alignnone size-full wp-image-12714\" src=\"https:\/\/prvimaj.hr\/wp-content\/uploads\/2021\/04\/20210406_165921.jpg\" alt=\"\" width=\"1600\" height=\"1200\" srcset=\"https:\/\/prvimaj.hr\/wp-content\/uploads\/2021\/04\/20210406_165921.jpg 1600w, https:\/\/prvimaj.hr\/wp-content\/uploads\/2021\/04\/20210406_165921-300x225.jpg 300w, https:\/\/prvimaj.hr\/wp-content\/uploads\/2021\/04\/20210406_165921-768x576.jpg 768w, https:\/\/prvimaj.hr\/wp-content\/uploads\/2021\/04\/20210406_165921-1536x1152.jpg 1536w, https:\/\/prvimaj.hr\/wp-content\/uploads\/2021\/04\/20210406_165921-150x113.jpg 150w\" sizes=\"(max-width: 1600px) 100vw, 1600px\" \/><\/a> <a href=\"https:\/\/prvimaj.hr\/?attachment_id=12716\" rel=\"attachment wp-att-12716\"><img loading=\"lazy\" class=\"alignnone size-full wp-image-12716\" src=\"https:\/\/prvimaj.hr\/wp-content\/uploads\/2021\/04\/20210406_170228.jpg\" alt=\"\" width=\"1600\" height=\"1200\" srcset=\"https:\/\/prvimaj.hr\/wp-content\/uploads\/2021\/04\/20210406_170228.jpg 1600w, https:\/\/prvimaj.hr\/wp-content\/uploads\/2021\/04\/20210406_170228-300x225.jpg 300w, https:\/\/prvimaj.hr\/wp-content\/uploads\/2021\/04\/20210406_170228-768x576.jpg 768w, https:\/\/prvimaj.hr\/wp-content\/uploads\/2021\/04\/20210406_170228-1536x1152.jpg 1536w, https:\/\/prvimaj.hr\/wp-content\/uploads\/2021\/04\/20210406_170228-150x113.jpg 150w\" sizes=\"(max-width: 1600px) 100vw, 1600px\" \/><\/a><\/p>\n","protected":false},"excerpt":{"rendered":"<p>Rukovoditelj zimske slu\u017ebe: Nino Knapi\u0107 Zimska slu\u017eba: 091\/223 3516 Zimska slu\u017eba obuhva\u0107a organizaciju i provo\u0111enje radova neophodnih za odr\u017eavanje prohodnosti nerazvrstanih cesta i sigurnog odvijanja prometa u zimskim uvjetima koji je odre\u0111en posebnim propisima. Nerazvrstana cesta se smatra prohodnom kada je radovima na uklanjanju snijega omogu\u0107eno prometovanje vozila uz upotrebu zimske opreme. Radove Zimske slu\u017ebe [&hellip;]<\/p>\n","protected":false},"author":2,"featured_media":6515,"parent":322,"menu_order":0,"comment_status":"closed","ping_status":"closed","template":"","meta":[],"_links":{"self":[{"href":"https:\/\/prvimaj.hr\/index.php?rest_route=\/wp\/v2\/pages\/945"}],"collection":[{"href":"https:\/\/prvimaj.hr\/index.php?rest_route=\/wp\/v2\/pages"}],"about":[{"href":"https:\/\/prvimaj.hr\/index.php?rest_route=\/wp\/v2\/types\/page"}],"author":[{"embeddable":true,"href":"https:\/\/prvimaj.hr\/index.php?rest_route=\/wp\/v2\/users\/2"}],"replies":[{"embeddable":true,"href":"https:\/\/prvimaj.hr\/index.php?rest_route=%2Fwp%2Fv2%2Fcomments&post=945"}],"version-history":[{"count":29,"href":"https:\/\/prvimaj.hr\/index.php?rest_route=\/wp\/v2\/pages\/945\/revisions"}],"predecessor-version":[{"id":24935,"href":"https:\/\/prvimaj.hr\/index.php?rest_route=\/wp\/v2\/pages\/945\/revisions\/24935"}],"up":[{"embeddable":true,"href":"https:\/\/prvimaj.hr\/index.php?rest_route=\/wp\/v2\/pages\/322"}],"wp:featuredmedia":[{"embeddable":true,"href":"https:\/\/prvimaj.hr\/index.php?rest_route=\/wp\/v2\/media\/6515"}],"wp:attachment":[{"href":"https:\/\/prvimaj.hr\/index.php?rest_route=%2Fwp%2Fv2%2Fmedia&parent=945"}],"curies":[{"name":"wp","href":"https:\/\/api.w.org\/{rel}","templated":true}]}}